{"id":47,"date":"2022-05-19T14:27:45","date_gmt":"2022-05-19T14:27:45","guid":{"rendered":"https:\/\/www.ladeniliska.cz\/?page_id=47"},"modified":"2026-03-06T15:48:19","modified_gmt":"2026-03-06T15:48:19","slug":"uvodni-stranka","status":"publish","type":"page","link":"https:\/\/www.ladeniliska.cz\/","title":{"rendered":"\u00davodn\u00ed str\u00e1nka"},"content":{"rendered":"\n<p>Dobr\u00fd den.<br>Jmenuji se Ond\u0159ej Li\u0161ka a lad\u011bn\u00ed pian se v\u011bnuji v\u00edce ne\u017e 15 let. Jsem t\u0159et\u00ed generac\u00ed rodiny ladi\u010d\u016f a \u0159emeslo jsem vystudoval na konzervato\u0159i Jana Deyla v oboru ladi\u010d pian. Lad\u011bn\u00edm a servisem klav\u00edr\u016f a jin\u00fdch strunn\u00fdch n\u00e1stroj\u016f se zab\u00fdv\u00e1m ji\u017e v\u00edce ne\u017e 15 let. Ka\u017ed\u00fd n\u00e1stroj m\u00e1 sv\u016fj charakter a zaslou\u017e\u00ed si pe\u010dliv\u00fd individu\u00e1ln\u00ed p\u0159\u00edstup.<\/p>\n\n\n\n<p><\/p>\n\n\n\n<p><\/p>\n","protected":false},"excerpt":{"rendered":"<p>Dobr\u00fd den.Jmenuji se Ond\u0159ej Li\u0161ka a lad\u011bn\u00ed pian se v\u011bnuji v\u00edce ne\u017e 15 let. Jsem t\u0159et\u00ed generac\u00ed rodiny ladi\u010d\u016f a \u0159emeslo jsem vystudoval na konzervato\u0159i Jana Deyla v oboru ladi\u010d pian. Lad\u011bn\u00edm a servisem klav\u00edr\u016f a jin\u00fdch strunn\u00fdch n\u00e1stroj\u016f se zab\u00fdv\u00e1m ji\u017e v\u00edce ne\u017e 15 let. Ka\u017ed\u00fd n\u00e1stroj m\u00e1 sv\u016fj [&hellip;]<\/p>\n","protected":false},"author":1,"featured_media":86,"parent":0,"menu_order":0,"comment_status":"closed","ping_status":"closed","template":"","meta":{"footnotes":""},"class_list":["post-47","page","type-page","status-publish","has-post-thumbnail","hentry"],"uagb_featured_image_src":{"full":["https:\/\/www.ladeniliska.cz\/wp-content\/uploads\/2022\/05\/piano-gb2cad4ed6_1920.jpg",1920,1280,false],"thumbnail":["https:\/\/www.ladeniliska.cz\/wp-content\/uploads\/2022\/05\/piano-gb2cad4ed6_1920-150x150.jpg",150,150,true],"medium":["https:\/\/www.ladeniliska.cz\/wp-content\/uploads\/2022\/05\/piano-gb2cad4ed6_1920-300x200.jpg",300,200,true],"medium_large":["https:\/\/www.ladeniliska.cz\/wp-content\/uploads\/2022\/05\/piano-gb2cad4ed6_1920-768x512.jpg",750,500,true],"large":["https:\/\/www.ladeniliska.cz\/wp-content\/uploads\/2022\/05\/piano-gb2cad4ed6_1920-1024x683.jpg",750,500,true],"1536x1536":["https:\/\/www.ladeniliska.cz\/wp-content\/uploads\/2022\/05\/piano-gb2cad4ed6_1920-1536x1024.jpg",1536,1024,true],"2048x2048":["https:\/\/www.ladeniliska.cz\/wp-content\/uploads\/2022\/05\/piano-gb2cad4ed6_1920.jpg",1920,1280,false],"hestia-blog":["https:\/\/www.ladeniliska.cz\/wp-content\/uploads\/2022\/05\/piano-gb2cad4ed6_1920-360x240.jpg",360,240,true]},"uagb_author_info":{"display_name":"ladenilisk","author_link":"https:\/\/www.ladeniliska.cz\/?author=1"},"uagb_comment_info":0,"uagb_excerpt":"Dobr\u00fd den.Jmenuji se Ond\u0159ej Li\u0161ka a lad\u011bn\u00ed pian se v\u011bnuji v\u00edce ne\u017e 15 let. Jsem t\u0159et\u00ed generac\u00ed rodiny ladi\u010d\u016f a \u0159emeslo jsem vystudoval na konzervato\u0159i Jana Deyla v oboru ladi\u010d pian. Lad\u011bn\u00edm a servisem klav\u00edr\u016f a jin\u00fdch strunn\u00fdch n\u00e1stroj\u016f se zab\u00fdv\u00e1m ji\u017e v\u00edce ne\u017e 15 let. Ka\u017ed\u00fd n\u00e1stroj m\u00e1 sv\u016fj [&hellip;]","_links":{"self":[{"href":"https:\/\/www.ladeniliska.cz\/index.php?rest_route=\/wp\/v2\/pages\/47","targetHints":{"allow":["GET"]}}],"collection":[{"href":"https:\/\/www.ladeniliska.cz\/index.php?rest_route=\/wp\/v2\/pages"}],"about":[{"href":"https:\/\/www.ladeniliska.cz\/index.php?rest_route=\/wp\/v2\/types\/page"}],"author":[{"embeddable":true,"href":"https:\/\/www.ladeniliska.cz\/index.php?rest_route=\/wp\/v2\/users\/1"}],"replies":[{"embeddable":true,"href":"https:\/\/www.ladeniliska.cz\/index.php?rest_route=%2Fwp%2Fv2%2Fcomments&post=47"}],"version-history":[{"count":19,"href":"https:\/\/www.ladeniliska.cz\/index.php?rest_route=\/wp\/v2\/pages\/47\/revisions"}],"predecessor-version":[{"id":244,"href":"https:\/\/www.ladeniliska.cz\/index.php?rest_route=\/wp\/v2\/pages\/47\/revisions\/244"}],"wp:featuredmedia":[{"embeddable":true,"href":"https:\/\/www.ladeniliska.cz\/index.php?rest_route=\/wp\/v2\/media\/86"}],"wp:attachment":[{"href":"https:\/\/www.ladeniliska.cz\/index.php?rest_route=%2Fwp%2Fv2%2Fmedia&parent=47"}],"curies":[{"name":"wp","href":"https:\/\/api.w.org\/{rel}","templated":true}]}}

Úvodní stránka

<p>Dobrý den.<br>Jmenuji se Ondřej Liška a ladění pian se věnuji více než 15 let. Jsem třetí generací rodiny ladičů a řemeslo jsem vystudoval na konzervatoři Jana Deyla v oboru ladič pian. Laděním a servisem klavírů a jiných strunných nástrojů se zabývám již více než 15 let. Každý nástroj má svůj charakter a zaslouží si pečlivý individuální přístup.</p>



<p></p>



<p></p>

<p>Dobrý den.Jmenuji se Ondřej Liška a ladění pian se věnuji více než 15 let. Jsem třetí generací rodiny ladičů a řemeslo jsem vystudoval na konzervatoři Jana Deyla v oboru ladič pian. Laděním a servisem klavírů a jiných strunných nástrojů se zabývám již více než 15 let. Každý nástroj má svůj [&hellip;]</p>

Dobrý den.Jmenuji se Ondřej Liška a ladění pian se věnuji více než 15 let. Jsem třetí generací rodiny ladičů a řemeslo jsem vystudoval na konzervatoři Jana Deyla v oboru ladič pian. Laděním a servisem klavírů a jiných strunných nástrojů se zabývám již více než 15 let. Každý nástroj má svůj [&hellip;]
